93?
293
List the prime factors of 1319.
1319
List the prime factors of 84457.
84457
List the prime factors of 2837.
2837
What are the prime factors of 38051?
13, 2927
What are the prime factors of 86734?
2, 17, 2551
List the prime factors of 2533.
17, 149
List the prime factors of 2189.
11, 199
List the prime factors of 12000.
2, 3, 5
List the prime factors of 1471.
1471
List the prime factors of 226.
2, 113
List the prime factors of 87027.
3, 29009
What are the prime factors of 28321?
127, 223
List the prime factors of 32635.
5, 61, 107
What are the prime factors of 27840?
2, 3, 5, 29
What are the prime factors of 74786?
2, 61, 613
What are the prime factors of 1431?
3, 53
What are the prime factors of 11608?
2, 1451
What are the prime factors of 37833?
3, 12611
What are the prime factors of 52?
2, 13
What are the prime factors of 12519?
3, 13, 107
List the prime factors of 9725.
5, 389
What are the prime factors of 10419?
3, 23, 151
List the prime factors of 19727.
19727
What are the prime factors of 2943?
3, 109
List the prime factors of 32310.
2, 3, 5, 359
List the prime factors of 59225.
5, 23, 103
List the prime factors of 1033.
1033
What are the prime factors of 2524?
2, 631
What are the prime factors of 2470?
2, 5, 13, 19
What are the prime factors of 1314?
2, 3, 73
What are the prime factors of 122540?
2, 5, 11, 557
What are the prime factors of 17468?
2, 11, 397
List the prime factors of 42743.
42743
What are the prime factors of 3144?
2, 3, 131
What are the prime factors of 3287?
19, 173
What are the prime factors of 24129?
3, 7, 383
What are the prime factors of 1380?
2, 3, 5, 23
List the prime factors of 1350.
2, 3, 5
List the prime factors of 93905.
5, 7, 2683
What are the prime factors of 1769?
29, 61
What are the prime factors of 40227?
3, 11, 23, 53
What are the prime factors of 1862?
2, 7, 19
List the prime factors of 82909.
17, 4877
List the prime factors of 84746.
2, 42373
List the prime factors of 46539.
3, 5171
What are the prime factors of 1512?
2, 3, 7
List the prime factors of 920.
2, 5, 23
List the prime factors of 15317.
17, 53
List the prime factors of 3094.
2, 7, 13, 17
List the prime factors of 5072.
2, 317
What are the prime factors of 680?
2, 5, 17
List the prime factors of 1059.
3, 353
List the prime factors of 3226.
2, 1613
List the prime factors of 8222.
2, 4111
List the prime factors of 1136.
2, 71
What are the prime factors of 7292?
2, 1823
What are the prime factors of 1643?
31, 53
List the prime factors of 107122.
2, 19, 2819
List the prime factors of 5895.
3, 5, 131
What are the prime factors of 993?
3, 331
List the prime factors of 41822.
2, 11, 1901
List the prime factors of 474.
2, 3, 79
What are the prime factors of 7666?
2, 3833
List the prime factors of 5913.
3, 73
What are the prime factors of 43126?
2, 21563
What are the prime factors of 1245?
3, 5, 83
What are the prime factors of 1743?
3, 7, 83
What are the prime factors of 8205?
3, 5, 547
What are the prime factors of 15573?
3, 29, 179
What are the prime factors of 616?
2, 7, 11
What are the prime factors of 13108?
2, 29, 113
List the prime factors of 33034.
2, 83, 199
List the prime factors of 5078.
2, 2539
List the prime factors of 15239.
7, 311
What are the prime factors of 2647?
2647
List the prime factors of 90.
2, 3, 5
List the prime factors of 51599.
51599
List the prime factors of 51197.
51197
List the prime factors of 3155.
5, 631
What are the prime factors of 3694?
2, 1847
List the prime factors of 4146.
2, 3, 691
What are the prime factors of 160582?
2, 17, 4723
What are the prime factors of 14814?
2, 3, 823
What are the prime factors of 1084?
2, 271
List the prime factors of 1836.
2, 3, 17
List the prime factors of 3978.
2, 3, 13, 17
What are the prime factors of 10265?
5, 2053
List the prime factors of 3050.
2, 5, 61
List the prime factors of 817.
19, 43
What are the prime factors of 1468?
2, 367
What are the prime factors of 16446?
2, 3, 2741
List the prime factors of 8492.
2, 11, 193
What are the prime factors of 8026?
2, 4013
List the prime factors of 1816.
2, 227
List the prime factors of 1696.
2, 53
What are the prime factors of 4251?
3, 13, 109
What are the prime factors of 6659?
6659
List the prime factors of 29813.
7, 4259
List the prime factors of 866.
2, 433
List the prime factors of 1598.
2, 17, 47
What are the prime factors of 76913?
76913
List the prime factors of 3887.
13, 23
What are the prime factors of 13730?
2, 5, 1373
List the prime factors of 10950.
2, 3, 5, 73
What are the prime factors of 31116?
2, 3, 2593
What are the prime factors of 1680?
2, 3, 5, 7
What are the prime factors of 58716?
2, 3, 7, 233
What are the prime factors of 271?
271
List the prime factors of 179.
179
List the prime factors of 138229.
7, 13, 31
What are the prime factors of 6812?
2, 13, 131
What are the prime factors of 8375?
5, 67
List the prime factors of 12145.
5, 7, 347
List the prime factors of 188775.
3, 5, 839
List the prime factors of 3490.
2, 5, 349
List the prime factors of 120.
2, 3, 5
List the prime factors of 12502.
2, 7, 19, 47
What are the prime factors of 428?
2, 107
What are the prime factors of 1503?
3, 167
List the prime factors of 1503.
3, 167
List the prime factors of 13641.
3, 4547
What are the prime factors of 10831?
10831
What are the prime factors of 8012?
2, 2003
List the prime factors of 13569.
3, 4523
What are the prime factors of 1763?
41, 43
What are the prime factors of 882?
2, 3, 7
What are the prime factors of 1437?
3, 479
List the prime factors of 1775.
5, 71
What are the prime factors of 10885?
5, 7, 311
List the prime factors of 7345.
5, 13, 113
List the prime factors of 11330.
2, 5, 11, 103
What are the prime factors of 2688?
2, 3, 7
List the prime factors of 4065.
3, 5, 271
List the prime factors of 8799.
3, 7, 419
What are the prime factors of 39588?
2, 3, 3299
What are the prime factors of 756?
2, 3, 7
List the prime factors of 4773.
3, 37, 43
List the prime factors of 12196.
2, 3049
List the prime factors of 5608.
2, 701
List the prime factors of 31061.
89, 349
What are the prime factors of 3600?
2, 3, 5
List the prime factors of 754.
2, 13, 29
List the prime factors of 19417.
19417
What are the prime factors of 7681?
7681
List the prime factors of 28233.
3, 3137
List the prime factors of 264.
2, 3, 11
List the prime factors of 1601.
1601
What are the prime factors of 115118?
2, 57559
What are the prime factors of 79474?
2, 79, 503
List the prime factors of 7378.
2, 7, 17, 31
What are the prime factors of 53476?
2, 29, 461
List the prime factors of 1371.
3, 457
List the prime factors of 23472.
2, 3, 163
List the prime factors of 66389.
197, 337
What are the prime factors of 8542?
2, 4271
What are the prime factors of 1170?
2, 3, 5, 13
What are the prime factors of 79721?
29, 2749
List the prime factors of 34249.
29, 1181
List the prime factors of 397.
397
List the prime factors of 6723.
3, 83
What are the prime factors of 252?
2, 3, 7
List the prime factors of 10976.
2, 7
What are the prime factors of 822?
2, 3, 137
List the prime factors of 2076.
2, 3, 173
What are the prime factors of 208?
2, 13
What are the prime factors of 986?
2, 17, 29
What are the prime factors of 3448?
2, 431
List the prime factors of 35884.
2, 8971
What are the prime factors of 396?
2, 3, 11
List the prime factors of 11121.
3, 11, 337
List the prime factors of 3170.
2, 5, 317
List the prime factors of 8162.
2, 7, 11, 53
List the prime factors of 27683.
19, 31, 47
List the prime factors of 1289.
1289
List the prime factors of 1046.
2, 523
List the prime factors of 4410.
2, 3, 5, 7
What are the prime factors of 3263?
13, 251
List the prime factors of 1444.
2, 19
List the prime factors of 1608.
2, 3, 67
List the prime factors of 27436.
2, 19
List the prime factors of 3397.
43, 79
What are the prime factors of 3578?
2, 1789
What are the prime factors of 3923?
3923
List the prime factors of 774.
2, 3, 43
What are the prime factors of 50182?
2, 11, 2281
What are the prime factors of 76422?
2, 3, 47, 271
List the prime factors of 34500.
2, 3, 5, 23
What are the prime factors of 29627?
13, 43, 53
What are the prime factors of 7363?
37, 199
List the prime factors of 28933.
28933
List the prime factors of 94745.
5, 7, 2707
Wh